{"id":81,"date":"2022-08-08T18:53:27","date_gmt":"2022-08-08T18:53:27","guid":{"rendered":"https:\/\/www.gramers.de\/wordpress\/?page_id=81"},"modified":"2024-03-05T13:46:54","modified_gmt":"2024-03-05T13:46:54","slug":"tontechnik","status":"publish","type":"page","link":"https:\/\/www.gramers.de\/wordpress\/tontechnik\/","title":{"rendered":"Tontechnik \/ Soundboks"},"content":{"rendered":"\n<p><strong>Du bist auf der Suche nach dem richtigen Sound f\u00fcr deine Party?<\/strong><\/p>\n\n\n\n<p>Hier kannst du dir unsere beiden <strong>Soundboks 3 (New Soundboks)<\/strong> mitsamt den dazugeh\u00f6rigen Stativen mieten.<\/p>\n\n\n\n<p>Diese sind ideal f\u00fcr Hochzeiten, Firmenfeiern, Parties in Haus und Garten oder im Urlaub geeignet und der Akku einer Box h\u00e4lt auf maximaler Lautst\u00e4rke (extrem) ca. f\u00fcnf Stunden. Bei geringerer Lautst\u00e4rke sogar \u00fcber 18 Stunden. Dabei kannst du ganz bequem dein Handy oder IPad \u00fcber Bluetooth verbinden.<\/p>\n\n\n\n<p>Der Mietpreis f\u00fcr eine Box inklusive Zubeh\u00f6r (Stativ und Ladeger\u00e4t) betr\u00e4gt bei einer Dauer von 24 Stunden 40\u20ac, ohne Zubeh\u00f6r 35\u20ac. F\u00fcr ein Wochenende (Freitag bis Montag) betr\u00e4gt der Mietpreis mit Zubeh\u00f6r 55\u20ac und f\u00fcr eine ganze Woche 90\u20ac.<\/p>\n\n\n\n<p>F\u00fcr zwei Boxen betr\u00e4gt die Miete f\u00fcr 24 Stunden (inkl. Zubeh\u00f6r) 70\u20ac, f\u00fcr ein Wochenende 100\u20ac und f\u00fcr eine Woche 150\u20ac.<\/p>\n\n\n\n<p>Ein zweiter Akku oder ein Funkmikrofon k\u00f6nnen bei Bedarf gerne zus\u00e4tzlich gemietet werden.<\/p>\n\n\n\n<p>Unsere Soundboks haben folgende Anschl\u00fcsse:<\/p>\n\n\n\n<p>2 x XLR-Combo Mic\/Instrument<br>1 x 3,5 mm Klinke-Stereo-Input<br>1 x 3,5 mm Klinke-Stereo-Output<\/p>\n\n\n\n<p>Der Mietvertrag wird bei der Abholung vor Ort geschlossen.<\/p>\n\n\n\n<p><\/p>\n\n\n\n<p><\/p>\n\n\n\n<p>Schreibe uns gerne eine Anfrage oder eine Mail \u00fcber unser Kontaktformular.<\/p>\n\n\n\n<p><strong>Wir freuen uns auf Dich!\u00a0<\/strong>\ud83d\ude42<\/p>\n\n\n\n<p><\/p>\n\n\n\n<figure class=\"wp-block-gallery has-nested-images columns-default is-cropped wp-block-gallery-2 is-layout-flex wp-block-gallery-is-layout-flex\">\n<figure class=\"wp-block-image size-large\"><img loading=\"lazy\" decoding=\"async\" width=\"768\" height=\"1024\" data-id=\"171\" src=\"https:\/\/www.gramers.de\/wordpress\/wp-content\/uploads\/2022\/08\/IMG_6185-1-768x1024.jpg\" alt=\"\" class=\"wp-image-171\" srcset=\"https:\/\/www.gramers.de\/wordpress\/wp-content\/uploads\/2022\/08\/IMG_6185-1-768x1024.jpg 768w, https:\/\/www.gramers.de\/wordpress\/wp-content\/uploads\/2022\/08\/IMG_6185-1-225x300.jpg 225w, https:\/\/www.gramers.de\/wordpress\/wp-content\/uploads\/2022\/08\/IMG_6185-1-1152x1536.jpg 1152w, https:\/\/www.gramers.de\/wordpress\/wp-content\/uploads\/2022\/08\/IMG_6185-1.jpg 1512w\" sizes=\"auto, (max-width: 768px) 100vw, 768px\" \/><\/figure>\n\n\n\n<figure class=\"wp-block-image size-large\"><img loading=\"lazy\" decoding=\"async\" width=\"768\" height=\"1024\" data-id=\"172\" src=\"https:\/\/www.gramers.de\/wordpress\/wp-content\/uploads\/2022\/08\/IMG_6193-768x1024.jpg\" alt=\"\" class=\"wp-image-172\" srcset=\"https:\/\/www.gramers.de\/wordpress\/wp-content\/uploads\/2022\/08\/IMG_6193-768x1024.jpg 768w, https:\/\/www.gramers.de\/wordpress\/wp-content\/uploads\/2022\/08\/IMG_6193-225x300.jpg 225w, https:\/\/www.gramers.de\/wordpress\/wp-content\/uploads\/2022\/08\/IMG_6193-1152x1536.jpg 1152w, https:\/\/www.gramers.de\/wordpress\/wp-content\/uploads\/2022\/08\/IMG_6193.jpg 1512w\" sizes=\"auto, (max-width: 768px) 100vw, 768px\" \/><\/figure>\n<\/figure>\n","protected":false},"excerpt":{"rendered":"<p>Du bist auf der Suche nach dem richtigen Sound f\u00fcr deine Party? Hier kannst du dir unsere beiden Soundboks 3 (New Soundboks) mitsamt den dazugeh\u00f6rigen Stativen mieten. Diese sind ideal f\u00fcr Hochzeiten, Firmenfeiern, Parties in Haus und Garten oder im Urlaub geeignet und der Akku einer Box h\u00e4lt auf maximaler Lautst\u00e4rke (extrem) ca. f\u00fcnf Stunden. [&hellip;]<\/p>\n","protected":false},"author":1,"featured_media":0,"parent":0,"menu_order":0,"comment_status":"closed","ping_status":"closed","template":"","meta":{"footnotes":""},"class_list":["post-81","page","type-page","status-publish","hentry","post"],"yoast_head":"<!-- This site is optimized with the Yoast SEO plugin v27.5 - https:\/\/yoast.com\/product\/yoast-seo-wordpress\/ -->\n<title>Tontechnik \/ Soundboks - GRAMERS<\/title>\n<meta name=\"description\" content=\"Du bist auf der Suche nach dem richtigen Sound f\u00fcr deine Party? Hier kannst du dir unsere beiden Soundboks 3 (New Soundboks) mitsamt den dazugeh\u00f6rigen Stativen mieten.\" \/>\n<meta name=\"robots\" content=\"index, follow, max-snippet:-1, max-image-preview:large, max-video-preview:-1\" \/>\n<link rel=\"canonical\" href=\"https:\/\/www.gramers.de\/wordpress\/tontechnik\/\" \/>\n<meta property=\"og:locale\" content=\"de_DE\" \/>\n<meta property=\"og:type\" content=\"article\" \/>\n<meta property=\"og:title\" content=\"Tontechnik \/ Soundboks - GRAMERS\" \/>\n<meta property=\"og:description\" content=\"Du bist auf der Suche nach dem richtigen Sound f\u00fcr deine Party? Hier kannst du dir unsere beiden Soundboks 3 (New Soundboks) mitsamt den dazugeh\u00f6rigen Stativen mieten.\" \/>\n<meta property=\"og:url\" content=\"https:\/\/www.gramers.de\/wordpress\/tontechnik\/\" \/>\n<meta property=\"og:site_name\" content=\"GRAMERS\" \/>\n<meta property=\"article:modified_time\" content=\"2024-03-05T13:46:54+00:00\" \/>\n<meta property=\"og:image\" content=\"https:\/\/www.gramers.de\/wordpress\/wp-content\/uploads\/2022\/08\/IMG_6185-1-768x1024.jpg\" \/>\n<meta name=\"twitter:card\" content=\"summary_large_image\" \/>\n<meta name=\"twitter:site\" content=\"@gramers_event4rent\" \/>\n<meta name=\"twitter:label1\" content=\"Gesch\u00e4tzte Lesezeit\" \/>\n\t<meta name=\"twitter:data1\" content=\"2\u00a0Minuten\" \/>\n<script type=\"application\/ld+json\" class=\"yoast-schema-graph\">{\"@context\":\"https:\\\/\\\/schema.org\",\"@graph\":[{\"@type\":\"WebPage\",\"@id\":\"https:\\\/\\\/www.gramers.de\\\/wordpress\\\/tontechnik\\\/\",\"url\":\"https:\\\/\\\/www.gramers.de\\\/wordpress\\\/tontechnik\\\/\",\"name\":\"Tontechnik \\\/ Soundboks - GRAMERS\",\"isPartOf\":{\"@id\":\"https:\\\/\\\/www.gramers.de\\\/wordpress\\\/#website\"},\"primaryImageOfPage\":{\"@id\":\"https:\\\/\\\/www.gramers.de\\\/wordpress\\\/tontechnik\\\/#primaryimage\"},\"image\":{\"@id\":\"https:\\\/\\\/www.gramers.de\\\/wordpress\\\/tontechnik\\\/#primaryimage\"},\"thumbnailUrl\":\"https:\\\/\\\/www.gramers.de\\\/wordpress\\\/wp-content\\\/uploads\\\/2022\\\/08\\\/IMG_6185-1-768x1024.jpg\",\"datePublished\":\"2022-08-08T18:53:27+00:00\",\"dateModified\":\"2024-03-05T13:46:54+00:00\",\"description\":\"Du bist auf der Suche nach dem richtigen Sound f\u00fcr deine Party? Hier kannst du dir unsere beiden Soundboks 3 (New Soundboks) mitsamt den dazugeh\u00f6rigen Stativen mieten.\",\"breadcrumb\":{\"@id\":\"https:\\\/\\\/www.gramers.de\\\/wordpress\\\/tontechnik\\\/#breadcrumb\"},\"inLanguage\":\"de\",\"potentialAction\":[{\"@type\":\"ReadAction\",\"target\":[\"https:\\\/\\\/www.gramers.de\\\/wordpress\\\/tontechnik\\\/\"]}]},{\"@type\":\"ImageObject\",\"inLanguage\":\"de\",\"@id\":\"https:\\\/\\\/www.gramers.de\\\/wordpress\\\/tontechnik\\\/#primaryimage\",\"url\":\"https:\\\/\\\/www.gramers.de\\\/wordpress\\\/wp-content\\\/uploads\\\/2022\\\/08\\\/IMG_6185-1.jpg\",\"contentUrl\":\"https:\\\/\\\/www.gramers.de\\\/wordpress\\\/wp-content\\\/uploads\\\/2022\\\/08\\\/IMG_6185-1.jpg\",\"width\":1512,\"height\":2016},{\"@type\":\"BreadcrumbList\",\"@id\":\"https:\\\/\\\/www.gramers.de\\\/wordpress\\\/tontechnik\\\/#breadcrumb\",\"itemListElement\":[{\"@type\":\"ListItem\",\"position\":1,\"name\":\"Startseite\",\"item\":\"https:\\\/\\\/www.gramers.de\\\/wordpress\\\/\"},{\"@type\":\"ListItem\",\"position\":2,\"name\":\"Tontechnik \\\/ Soundboks\"}]},{\"@type\":\"WebSite\",\"@id\":\"https:\\\/\\\/www.gramers.de\\\/wordpress\\\/#website\",\"url\":\"https:\\\/\\\/www.gramers.de\\\/wordpress\\\/\",\"name\":\"GRAMERS\",\"description\":\"\",\"publisher\":{\"@id\":\"https:\\\/\\\/www.gramers.de\\\/wordpress\\\/#organization\"},\"potentialAction\":[{\"@type\":\"SearchAction\",\"target\":{\"@type\":\"EntryPoint\",\"urlTemplate\":\"https:\\\/\\\/www.gramers.de\\\/wordpress\\\/?s={search_term_string}\"},\"query-input\":{\"@type\":\"PropertyValueSpecification\",\"valueRequired\":true,\"valueName\":\"search_term_string\"}}],\"inLanguage\":\"de\"},{\"@type\":\"Organization\",\"@id\":\"https:\\\/\\\/www.gramers.de\\\/wordpress\\\/#organization\",\"name\":\"GRAMERS\",\"url\":\"https:\\\/\\\/www.gramers.de\\\/wordpress\\\/\",\"logo\":{\"@type\":\"ImageObject\",\"inLanguage\":\"de\",\"@id\":\"https:\\\/\\\/www.gramers.de\\\/wordpress\\\/#\\\/schema\\\/logo\\\/image\\\/\",\"url\":\"https:\\\/\\\/www.gramers.de\\\/wordpress\\\/wp-content\\\/uploads\\\/2022\\\/08\\\/cropped-GramersLogo.png\",\"contentUrl\":\"https:\\\/\\\/www.gramers.de\\\/wordpress\\\/wp-content\\\/uploads\\\/2022\\\/08\\\/cropped-GramersLogo.png\",\"width\":512,\"height\":512,\"caption\":\"GRAMERS\"},\"image\":{\"@id\":\"https:\\\/\\\/www.gramers.de\\\/wordpress\\\/#\\\/schema\\\/logo\\\/image\\\/\"},\"sameAs\":[\"https:\\\/\\\/x.com\\\/gramers_event4rent\"]}]}<\/script>\n<!-- \/ Yoast SEO plugin. -->","yoast_head_json":{"title":"Tontechnik \/ Soundboks - GRAMERS","description":"Du bist auf der Suche nach dem richtigen Sound f\u00fcr deine Party? Hier kannst du dir unsere beiden Soundboks 3 (New Soundboks) mitsamt den dazugeh\u00f6rigen Stativen mieten.","robots":{"index":"index","follow":"follow","max-snippet":"max-snippet:-1","max-image-preview":"max-image-preview:large","max-video-preview":"max-video-preview:-1"},"canonical":"https:\/\/www.gramers.de\/wordpress\/tontechnik\/","og_locale":"de_DE","og_type":"article","og_title":"Tontechnik \/ Soundboks - GRAMERS","og_description":"Du bist auf der Suche nach dem richtigen Sound f\u00fcr deine Party? Hier kannst du dir unsere beiden Soundboks 3 (New Soundboks) mitsamt den dazugeh\u00f6rigen Stativen mieten.","og_url":"https:\/\/www.gramers.de\/wordpress\/tontechnik\/","og_site_name":"GRAMERS","article_modified_time":"2024-03-05T13:46:54+00:00","og_image":[{"url":"https:\/\/www.gramers.de\/wordpress\/wp-content\/uploads\/2022\/08\/IMG_6185-1-768x1024.jpg","type":"","width":"","height":""}],"twitter_card":"summary_large_image","twitter_site":"@gramers_event4rent","twitter_misc":{"Gesch\u00e4tzte Lesezeit":"2\u00a0Minuten"},"schema":{"@context":"https:\/\/schema.org","@graph":[{"@type":"WebPage","@id":"https:\/\/www.gramers.de\/wordpress\/tontechnik\/","url":"https:\/\/www.gramers.de\/wordpress\/tontechnik\/","name":"Tontechnik \/ Soundboks - GRAMERS","isPartOf":{"@id":"https:\/\/www.gramers.de\/wordpress\/#website"},"primaryImageOfPage":{"@id":"https:\/\/www.gramers.de\/wordpress\/tontechnik\/#primaryimage"},"image":{"@id":"https:\/\/www.gramers.de\/wordpress\/tontechnik\/#primaryimage"},"thumbnailUrl":"https:\/\/www.gramers.de\/wordpress\/wp-content\/uploads\/2022\/08\/IMG_6185-1-768x1024.jpg","datePublished":"2022-08-08T18:53:27+00:00","dateModified":"2024-03-05T13:46:54+00:00","description":"Du bist auf der Suche nach dem richtigen Sound f\u00fcr deine Party? Hier kannst du dir unsere beiden Soundboks 3 (New Soundboks) mitsamt den dazugeh\u00f6rigen Stativen mieten.","breadcrumb":{"@id":"https:\/\/www.gramers.de\/wordpress\/tontechnik\/#breadcrumb"},"inLanguage":"de","potentialAction":[{"@type":"ReadAction","target":["https:\/\/www.gramers.de\/wordpress\/tontechnik\/"]}]},{"@type":"ImageObject","inLanguage":"de","@id":"https:\/\/www.gramers.de\/wordpress\/tontechnik\/#primaryimage","url":"https:\/\/www.gramers.de\/wordpress\/wp-content\/uploads\/2022\/08\/IMG_6185-1.jpg","contentUrl":"https:\/\/www.gramers.de\/wordpress\/wp-content\/uploads\/2022\/08\/IMG_6185-1.jpg","width":1512,"height":2016},{"@type":"BreadcrumbList","@id":"https:\/\/www.gramers.de\/wordpress\/tontechnik\/#breadcrumb","itemListElement":[{"@type":"ListItem","position":1,"name":"Startseite","item":"https:\/\/www.gramers.de\/wordpress\/"},{"@type":"ListItem","position":2,"name":"Tontechnik \/ Soundboks"}]},{"@type":"WebSite","@id":"https:\/\/www.gramers.de\/wordpress\/#website","url":"https:\/\/www.gramers.de\/wordpress\/","name":"GRAMERS","description":"","publisher":{"@id":"https:\/\/www.gramers.de\/wordpress\/#organization"},"potentialAction":[{"@type":"SearchAction","target":{"@type":"EntryPoint","urlTemplate":"https:\/\/www.gramers.de\/wordpress\/?s={search_term_string}"},"query-input":{"@type":"PropertyValueSpecification","valueRequired":true,"valueName":"search_term_string"}}],"inLanguage":"de"},{"@type":"Organization","@id":"https:\/\/www.gramers.de\/wordpress\/#organization","name":"GRAMERS","url":"https:\/\/www.gramers.de\/wordpress\/","logo":{"@type":"ImageObject","inLanguage":"de","@id":"https:\/\/www.gramers.de\/wordpress\/#\/schema\/logo\/image\/","url":"https:\/\/www.gramers.de\/wordpress\/wp-content\/uploads\/2022\/08\/cropped-GramersLogo.png","contentUrl":"https:\/\/www.gramers.de\/wordpress\/wp-content\/uploads\/2022\/08\/cropped-GramersLogo.png","width":512,"height":512,"caption":"GRAMERS"},"image":{"@id":"https:\/\/www.gramers.de\/wordpress\/#\/schema\/logo\/image\/"},"sameAs":["https:\/\/x.com\/gramers_event4rent"]}]}},"_links":{"self":[{"href":"https:\/\/www.gramers.de\/wordpress\/wp-json\/wp\/v2\/pages\/81","targetHints":{"allow":["GET"]}}],"collection":[{"href":"https:\/\/www.gramers.de\/wordpress\/wp-json\/wp\/v2\/pages"}],"about":[{"href":"https:\/\/www.gramers.de\/wordpress\/wp-json\/wp\/v2\/types\/page"}],"author":[{"embeddable":true,"href":"https:\/\/www.gramers.de\/wordpress\/wp-json\/wp\/v2\/users\/1"}],"replies":[{"embeddable":true,"href":"https:\/\/www.gramers.de\/wordpress\/wp-json\/wp\/v2\/comments?post=81"}],"version-history":[{"count":7,"href":"https:\/\/www.gramers.de\/wordpress\/wp-json\/wp\/v2\/pages\/81\/revisions"}],"predecessor-version":[{"id":202,"href":"https:\/\/www.gramers.de\/wordpress\/wp-json\/wp\/v2\/pages\/81\/revisions\/202"}],"wp:attachment":[{"href":"https:\/\/www.gramers.de\/wordpress\/wp-json\/wp\/v2\/media?parent=81"}],"curies":[{"name":"wp","href":"https:\/\/api.w.org\/{rel}","templated":true}]}}